et s(v) = 5*v - 10. What is s(-6)?
-40
Let s(m) = -2*m**2 + m + 7. What is s(3)?
-8
Let u(w) = -20*w + 57. Give u(3).
-3
Let k(o) = o + 37. Determine k(-29).
8
Let t(m) = -m**2 - 11*m + 61. Calculate t(-16).
-19
Let a(b) = -566*b - 3390. What is a(-6)?
6
Let b(z) = z**2 + 25*z + 123. What is b(-8)?
-13
Let w(l) = -l**3 - 4*l**2 + 14*l + 6. Determine w(-7).
55
Let g(o) = 12*o**3 - 1. Give g(1).
11
Let g(r) = -4*r + 14. Calculate g(-17).
82
Let m(c) = -c**3 + 2*c**2 + 10*c - 13. What is m(4)?
-5
Let h(c) = -c**3 + 14*c**2 - 41*c + 8. Give h(10).
-2
Let k(p) = p**3 + 13*p**2 + 22*p - 1. Determine k(-11).
-1
Let d(o) = -o**3 - o**2 + 4*o + 7. Give d(-3).
13
Let d(v) = v**3 - 2*v**2 + 19*v - 43. What is d(2)?
-5
Let i(m) = 9*m**2 - 2*m - 1. Give i(2).
31
Let w(x) = 2*x**2 + 9*x + 4. Determine w(-4).
0
Let u(v) = v**2 - 8*v - 47. Calculate u(-6).
37
Let a(d) = -d**3 + 7*d**2 - 16*d + 118. What is a(7)?
6
Let z(l) = -8*l + 34. Give z(5).
-6
Let f(d) = -d**3 + 26*d**2 - 21*d - 13. What is f(25)?
87
Let y(t) = t**2 - 12*t + 18. Give y(4).
-14
Let o(f) = -8*f + 24. Determine o(9).
-48
Let h(z) = -z**2 - 6*z + 61. Give h(9).
-74
Let h(g) = 7*g + 168. Determine h(-23).
7
Let j(t) = t**3 - 8*t**2 - 8*t + 2. Give j(9).
11
Let h(s) = s + 56. Determine h(-43).
13
Let r(s) = 3*s**3 + 27*s**2 + 4*s - 17. Calculate r(-9).
-53
Let i(t) = t**2 + 7*t - 22. Calculate i(7).
76
Let a(o) = 5*o - 99. What is a(22)?
11
Let z(c) = -c**2 - 8*c + 11. Give z(-11).
-22
Let w(k) = -2*k**2 + 97*k + 159. Give w(50).
9
Let q(t) = 18*t - 2. Calculate q(2).
34
Let w(t) = -t**3 + 3*t**2 - 6*t + 18. What is w(4)?
-22
Let r(a) = a**3 - 8*a**2 + 4*a + 17. Calculate r(7).
-4
Let o(p) = -p + 29. Give o(-17).
46
Let h(f) = 25*f**3 - f**2 + f - 1. Give h(1).
24
Let q(i) = 5*i**3 - 4*i**2 + 2*i + 1. Determine q(2).
29
Let c(v) = v**3 - 28*v**2 - 2*v + 39. Determine c(28).
-17
Let a(m) = -m**2 - 4*m + 1. Give a(-3).
4
Let x(l) = l**3 - 27*l**2 + 24*l + 44. Give x(26).
-8
Let y(w) = -2*w + 17. Calculate y(-8).
33
Let t(l) = l**2 - 14*l - 7. What is t(8)?
-55
Let r(x) = 2*x - 61. Give r(32).
3
Let h(f) = f**3 + 6*f**2 + 4. Give h(-5).
29
Let w(q) = -19*q + 101. Determine w(5).
6
Let l(w) = -6*w**2 - 7*w + 5. Calculate l(3).
-70
Let w(a) = -14*a - 76. What is w(-6)?
8
Let z(x) = -4*x + 9. Give z(2).
1
Let l(z) = z - 6. Calculate l(6).
0
Let w(a) = a**3 + 5*a**2 + 8*a + 10. Give w(-5).
-30
Let d(r) = 2*r**2 - 52*r - 58. Determine d(27).
-4
Let a(t) = -12*t - 75. Determine a(-9).
33
Let r(j) = -2*j**2 - j + 3. Give r(2).
-7
Let a(p) = p**2 - 5*p - 37. Determine a(9).
-1
Let a(x) = x**3 + 2*x**2 - 10*x - 17. Give a(-4).
-9
Let y(n) = n. What is y(7)?
7
Let a(z) = -z**3 + 21*z**2 - 19*z - 15. What is a(20)?
5
Let g(d) = -4*d**2 + 41*d - 29. Calculate g(9).
16
Let a(t) = t**2 - 20*t + 16. Give a(18).
-20
Let w(l) = -3*l**2 - 28*l + 3. What is w(-10)?
-17
Let h(z) = z**3 - 6*z**2 + 3*z - 1. Calculate h(6).
17
Let c(v) = -v**2 - 4*v + 3. Determine c(-4).
3
Let r(x) = 2*x**3 + 22*x**2 - 24*x - 6. Calculate r(-12).
-6
Let x(u) = 4*u + 10. What is x(-5)?
-10
Let n(x) = -x**3 + 10*x**2 - 5*x + 9. Give n(9).
45
Let b(w) = w**2 + 64*w + 828. Calculate b(-46).
0
Let z(k) = -5*k + 4. Give z(2).
-6
Let m(y) = 13*y - 20. What is m(0)?
-20
Let s(j) = -31*j**2 - j. Determine s(1).
-32
Let r(f) = 5*f**2 + 3*f - 4. Calculate r(1).
4
Let w(n) = n**3 + 7*n**2 + 5*n - 1. Give w(-7).
-36
Let b(y) = -y**3 - 31*y**2 + 31*y - 7. Determine b(-32).
25
Let u(d) = -d. Give u(1).
-1
Let d(w) = w**3 + 11*w**2 + 13*w + 30. Determine d(-10).
0
Let l(r) = -r**3 + 21*r**2 - 28. What is l(21)?
-28
Let v(f) = -4*f**2 - 2*f + 4. Calculate v(2).
-16
Let h(d) = -d**3 + 6*d**2 + 17*d - 9. What is h(8)?
-1
Let v(u) = -u**2 + 34*u - 10. Calculate v(33).
23
Let z(n) = 6*n - 5. Calculate z(4).
19
Let g(s) = -4*s**2 - 2*s + 10. Determine g(5).
-100
Let i(x) = 5*x - 2. Give i(-5).
-27
Let b(t) = -t + 3. Determine b(8).
-5
Let f(o) = 11*o - 5. Give f(2).
17
Let d(i) = -6*i**2 - 2*i - 5. Give d(-3).
-53
Let v(q) = q**3 + 13*q**2 + 18. Calculate v(-13).
18
Let c(y) = -y**3 + 7*y**2 + 8*y + 3. Give c(7).
59
Let l(d) = 2*d**3 - 20*d**2 + 15*d + 14. Give l(9).
-13
Let n(h) = h**3 + 14*h**2 - 7*h - 52. What is n(-15)?
-172
Let g(p) = p**2 + 8*p - 31. Calculate g(-10).
-11
Let x(l) = -17*l + 91. Determine x(8).
-45
Let s(g) = -11*g + 4. Calculate s(-6).
70
Let r(m) = 2*m**2 + 32*m - 112. Determine r(3).
2
Let o(g) = g**3 + 14*g**2 - 36*g - 18. Determine o(-16).
46
Let k(x) = 4*x + 27. What is k(-7)?
-1
Let p(j) = 14*j**2 - 15*j - 3. Calculate p(-2).
83
Let k(t) = t**3 + 14*t**2 - 34*t - 39. Calculate k(-16).
-7
Let u(b) = -9*b + 3. What is u(-1)?
12
Let l(f) = -f**2 + 7*f + 3. What is l(0)?
3
Let k(t) = -t**3 + 8*t**2 - 7*t - 4. Determine k(7).
-4
Let j(f) = f**2 + 6*f - 2. Calculate j(-4).
-10
Let w(i) = i**2 - i + 1. Determine w(2).
3
Let l(k) = -9*k + 66. What is l(7)?
3
Let l(w) = -2*w**2 - 7*w + 1. Give l(-4).
-3
Let h(k) = k**3 + 41*k**2 + 183*k + 110. What is h(-36)?
2
Let r(z) = -10*z - 32. Give r(-4).
8
Let k(x) = -2*x + 116. Give k(27).
62
Let b(h) = -h**2 + 14*h - 28. Calculate b(13).
-15
Let n(u) = 4*u**2 - 5*u + 5. Give n(2).
11
Let w(q) = q + 29. Give w(-8).
21
Let f(r) = r**2 - 2*r - 17. Give f(0).
-17
Let m(w) = -w**3 - 9*w**2 + 3*w + 17. Give m(-9).
-10
Let g(y) = -2*y + 8. Determine g(6).
-4
Let d(z) = -z**3 + 14*z**2 + 31*z + 18. What is d(16)?
2
Let l(v) = -v**3 - 11*v**2 - 10*v + 3. What is l(-10)?
3
Let l(h) = -h**2 + 8*h - 2. Determine l(6).
10
Let u(m) = 4*m + 11. Calculate u(7).
39
Let m(c) = -c**2 - c + 8. Calculate m(6).
-34
Let r(l) = -10*l + 7. Give r(-5).
57
Let l(f) = f**2 - 7*f - 100. Give l(-9).
44
Let d(r) = r**2 + 9*r + 1. What is d(-10)?
11
Let k(a) = -a**3 - 10*a + 6. Calculate k(4).
-98
Let f(t) = -t**3 - t**2 + t + 4. Give f(-2).
6
Let i(c) = -9*c + 18. Give i(14).
-108
Let b(r) = -5*r**3 - 2*r**2 - r - 3. What is b(-2)?
31
Let t(d) = 2*d**2 + 25*d - 3. Determine t(-13).
10
Let i(u) = 5*u. Calculate i(1).
5
Let u(t) = t**3 - 3*t**2 + t. Give u(3).
3
Let c(j) = -8*j. Give c(1).
-8
Let w(a) = 12*a**2 - 4*a + 16. What is w(3)?
112
Let k(l) = l**3 - 6*l**2 - 2*l + 12. Calculate k(5).
-23
Let z(h) = h**3 + 5*h**2 + 2*h - 2. Determine z(-2).
6
Let w(r) = -53*r + 587. What is w(11)?
4
Let z(m) = 2*m**2 - 2*m - 177. Give z(10).
3
Let o(h) = -h**3 - 3*h**2 + 4*h + 4. Calculate o(-3).
-8
Let y(s) = -12*s - 482. What is y(-39)?
-14
Let h(l) = 2*l + 10. Give h(-5).
0
Let a(k) = -k**2 - 6*k + 11. What is a(-5)?
16
Let o(m) = -m**2 + 13*m - 5. Determine o(5).
35
Let l(i) = 3*i**2 + 19*i - 8. Calculate l(-6).
-14
Let h(w) = -w**3 - w**2 + 9*w - 19. Calculate h(3).
-28
Let o(t) = t**2 + 9*t + 4. Calculate o(-10).
14
Let w(x) = -x + 5. Calculate w(17).
-12
Let g(o) = -15*o - 220. Determine g(-13).
-25
Let w(u) = u + 7. Determine w(-7).
0
Let r(t) = 5*t**3 - 4*t**2 + t + 1. Give r(-3).
-173
Let d(z) = -z**3 + 20*z**2 + 70*z - 27. Determine d(23).
-4
Let x(c) = -5*c - 3. What is x(-3)?
12
Let n(k) = -k**3 - 5*k**2 - k + 15. Determine n(-4).
3
Let i(d) = 8*d**2 - 4*d - 6. Determine i(-2).
34
Let p(y) = y**2 - 12*y - 9. What is p(12)?
-9
Let w(g) = -10*g + 2. Calculate w(2).
-18
Let n(k) = 2*k + 6. Calculate n(-6).
-6
Let q(x) = -x**3 + 6*x**2 + 8. Calculate q(6).
8
Let z(o) = 8*o + 9. Calculate z(0).
9
Let h(s) = -s**3 - 8*s**2 - 14*s - 9. Calculate h(-6).
3
Let m(k) = -k**2 + 7*k - 8. Determine m(4).
4
Let i(s) = 43*s**3 + 2*s**2 - 6*s + 5. Calculate i(1).
44
Let u(y) = -y**2 - 9*y - 9. Calculate u(-7).
5
Let v(c) = -c**2 - 2*c - 3. Determine v(-3).
-6
Let k(r) = r**2 - 11*r + 4. What is k(9)?
-14
Let f(k) = -k**3 - 13*k**2 - 19*k + 22. Calculate f(-11).
-11
Let t(y) = -y**3 - 20*y**2 + y + 13. What is t(-20)?
-7
Let t(h) = 2*h + 33. Determine t(-15).
3
Let h(z) = -11*z + 83. Determine h(0).
83
Let c(b) = -3*b**2 + 3*b + 23. What is c(0)?
23
Let b(r) = r**3 - 10*r**2 + 3*r - 19. Determine b(10).
11
Let k(s) = s**3 - 7*s**2 + 5*s - 4. What is k(7)?
31
Let u(c) = -3*c**3 + 5*c**2 - 6*c + 5. Determine u(2).
-11
Let n(p) = -p**2 + 13*p + 4. Calculate n(12).
16
Let s(o) = o**3 + 17*o**2 - 2*o - 37. Give s(-17).
-3
Let z(v) = -v**3 - 10*v**2 + 11*v + 21. Give z(-11).
21
Let q(r) = 2*r**2 - 8*r + 7. What is q(6)?
31
Let q(o) = -o**3 